{"id":2437,"date":"2007-08-07T14:00:52","date_gmt":"2007-08-07T19:00:52","guid":{"rendered":"http:\/\/mcturgeon.com\/blg\/press-presse\/"},"modified":"2013-10-19T11:51:05","modified_gmt":"2013-10-19T16:51:05","slug":"press-presse","status":"publish","type":"page","link":"https:\/\/mcturgeon.com\/blog\/press-presse\/","title":{"rendered":"Presse"},"content":{"rendered":"<p><b>Recognitions<\/b><\/p>\n<ul>\n<li>Listed as one of the <a href=\"http:\/\/www.radio-canada.ca\/radio\/christiane\/modele-document.asp?docnumero=74117&#038;numero=1880\">10 most influencials bloggers in Qu\u00e9bec &#8211; List\u00e9e parmis les blogueurs les plus influents au Qu\u00e9bec<\/a>, Radio-Canada, Feb. 2009<\/li>\n<li>Listed as one of <a href=\"http:\/\/profectio.com\/canada\u2019s-most-influential-social-medial-individuals-semi-finalists-announced\/comment-page-1#comment-6665\">Canada\u2019s Most Influential Women in Social Media &#8211; List\u00e9e parmis les femmes les plus influentes en m\u00e9dias sociaux au Canda<\/a>, Dec. 2008<\/li>\n<li><a href=\"http:\/\/www.webbyawards.com\/webbys\/current_honorees.php?season=12\">Project honored by the Webby Awards<\/a> (CitizenShift site, 2008)<\/li>\n<\/ul>\n<p><b>Public Speaking and media appearances<\/b><\/p>\n<ul>\n<li>Panelist: IETM, Webcom Montreal, Journ\u00e9e Magazine, Infopresse, Bourse Rideau, Parole Citoyenne, ADISQ, Mutek.<\/li>\n<li>TV and radio interviews: Radio-Canada, SimonDurivage.com, <a href=\"http:\/\/www.radio-canada.ca\/util\/zapmedia\/version10\/frame.asp?menuFlash=5&#038;directLink=\/Medianet\/CBFT\/Telejournal200603172200_2.asx&#038;promo=ZAPmedia_Telejournal\">Radio-Canada, Le Point<\/a>, <a href=\"http:\/\/video.canoe.ca\/?fr_story=132ec2559ce52487bf69068fdb1c976e2908df78&#038;rf=sitemap\">Esprit Libre, Canal Vox<\/a>, <a href=\"http:\/\/mcturgeon.com\/podcast\/vudici_cbc.mp3\">Sounds like Canada, CBC<\/a>, <a href=\"http:\/\/www.mcturgeon.com\/videos\/ztele_podcasting.mpg\">Zt\u00e9l\u00e9<\/a>, <a href=\"mms:\/\/216.113.27.249\/lcn\/chronique\/explorateur_urbain\/20060119_explo.wmv\">L&#8217;Explorateur Urbain (TVA)<\/a>, <a href=\"http:\/\/www.telequebec.tv\/mechantcontraste\">T\u00e9l\u00e9 Qu\u00e9bec, M\u00e9chant Contraste<\/a><\/li>\n<li>Newspapers and magazines: <a href=\"http:\/\/www.meidia.ca\/gx\/spin.jpg\">Spin Magazine<\/a>, <a href=\"http:\/\/www.meidia.ca\/gx\/urbania.jpg\">Urbania<\/a>, <a href=\"http:\/\/www.meidia.ca\/gx\/elle_ca.jpg\">Elle Canada<\/a>, Work featured in the HuffingtonPost, <a href=\"http:\/\/creacamp.org\">Creacamp<\/a> featured in Elle Qu\u00e9bec, Mai 2008, Journal Le Soleil, <a href=\"http:\/\/www.flickr.com\/photos\/m-c\/69037960\">Le Monde<\/a>, <a href=\"http:\/\/www.cyberpresse.ca\/article\/20051113\/CPARTS03\/511130488\/1017\/CPARTS\">La Presse<\/a>, <a href=\"http:\/\/voir.ca\/actualite\/actualite.aspx?iIDArticle=37938\">Voir<\/a>, <a href=\"http:\/\/www.mcturgeon.com\/blog\/archives\/2005\/08\/the_gazette_int.html\">The Gazette<\/a>, <a href=\"http:\/\/www.designtaxi.com\/features.jsp?id=63\">Taxi Mag<\/a>, <a href=\"http:\/\/www.maxmayersgroup.net\/magazine\/index.php?option=content&#038;task=view&#038;id=264&#038;Itemid=35\">Junomods<\/a>, <a href=\"http:\/\/www.mcturgeon.com\/blog\/archives\/2005\/02\/glamour_italie.html\">Glamour Italy<\/a>, <a href=\"http:\/\/thelink.concordia.ca\/article.pl?sid=05\/11\/18\/2237257\">The Link (Concordia University)<\/a>, <a href=\"http:\/\/clindoeil.canoe.com\/societe\/article1\/2006\/03\/09\/1480345-cd.html\">Clin d&#8217;oeil<\/a>, <a href=\"http:\/\/www.ledevoir.com\/2006\/05\/26\/110018.html\">Le Devoir<\/a>, <a href=\"http:\/\/www.meidia.ca\/gx\/lienmultimedia_0806.jpg\">Lien Multimedia<\/a>, <a href=\"http:\/\/technaute.lapresseaffaires.com\/nouvelles\/imprimer\/index.php?id=81,12399,0,022007,1329616.html\">La Presse Affaires<\/a>.<\/li>\n<\/ul>\n<p><b>Professional experience<\/b><\/p>\n<ul>\n<li>Published work: Skirt! Magazine, The Huffingtsonpost, Ish Magazine, <a href=\"http:\/\/www.amazon.com\/exec\/obidos\/ASIN\/1592534120\">1000 Artist Journal Pages<\/a>, Cr@ate Online, Taxi Magazine, Goodie Bag Media, Fox River paper Agenda.<\/li>\n<li>Founder, <a href=\"http:\/\/www.creacamp.org\">Creacamp<\/a> (Montreal, 2007 &#8211; ) : events, conferences and workshops featuring the most creatives women run businesses and projects.<\/li>\n<li>Founder and president of <a href=\"http:\/\/www.meidia.ca\">Me\u00efdia Studio<\/a> (Montreal, 2005 &#8211; ) : opened in 2005, Me\u00efdia specialize in creating innovative concepts using new web technologies for clients like the National Film Board of Canada, MusiquePlus, Ubisoft, Cirque du Soleil, Radio-Canada, Astral Media Interactif. <\/li>\n<li>Art director at Neomedia (Montreal, 2003-2005)<\/li>\n<li>Art director at C-One Communications, Deepblue Networks (Hamburg, Germany, 2000-2003)<\/li>\n<\/ul>\n<p><b>Writing experience<\/b><\/p>\n<ul>\n<li>Co-auteure du livre <em>Pourquoi bloguer dans un contexte d&#8217;affaires<\/em>, aux \u00e9ditions Quentin.<\/li>\n<li>Self published <em>First Thoughts on life, blogging, and the creative process<\/em> (2007)<\/li>\n<\/ul>\n<p><b>Event blogging and podcasting<\/b><\/p>\n<ul>\n<li><a href=\"category\/pop-montreal\/\">Pop Montreal Festival<\/a>, <a href=\"http:\/\/www.nujaz.net\">Nujaz Festival<\/a>, <a href=\"http:\/\/www.mcturgeon.com\/blog\/archives\/traveling\/lesblogs20\/\">Paris Les Blogs (2005, 2006)<\/a>, <a href=\"http:\/\/www.mcturgeon.com\/blog\/archives\/cirque_du_soleil\/\">Cirque du Soleil, Delirium<\/a>, <a href=\"http:\/\/www.mcturgeon.com\/blog\/archives\/traveling\/transmediale06\/\">Berlin Transmediale 06<\/a>, <a href=\"http:\/\/www.mcturgeon.com\/blog\/archives\/traveling\/sxsw06\/\">Austin SXSW Festival<\/a>, <a href=\"http:\/\/www.mcturgeon.com\/blog\/archives\/elektra7\/\">Elektra7, Montreal<\/a>, <a href=\"http:\/\/www.mcturgeon.com\/blog\/archives\/fimav06\">Fimav, Victoriaville<\/a>, <a href=\"http:\/\/www.mcturgeon.com\/blog\/archives\/mutek\/\">Mutek7, Montreal<\/a><\/li>\n<li><a href=\"http:\/\/www.br-online.de\/jugend\/zuendfunk\/onair\/worldservice\/worldservice.shtml\">On demand podcast creation for Zundfunk Radio, Germany<\/a><\/li>\n<\/ul>\n<p><b>Projects<\/b><\/p>\n<ul>\n<a href=\"http:\/\/www.meidia.ca\/?l=en\">Me\u00efdia Studio<\/a> : A human run business i opened in 2003, Me\u00efdia specialize in creating innovative concepts using new web technologies for clients like the National Film Board of Canada (NFB), MusiquePlus, Ubisoft, Cirque du Soleil, Radio-Canada, Astral Media Interactif. <\/p>\n<p><a href=\"http:\/\/www.creacamp.org\">Creacamp<\/a> : Creacamp is an event where womens meet to present their work and DIY projects, this with the goal to promote the talent, ideas and experiences of each, and to lay ground for sharing about our process. The event is made of short presentations made by womens only, but its open to anyone to assist.<\/p>\n<p><a href=\"http:\/\/www.flickr.com\/groups\/6x6\/\">6&#215;6 Collaborative collages<\/a> (2006 &#8211; ) : using the power of an international online community, 6&#215;6 brings people together to exchange material and create 6&#215;6 inch collages using each other&#8217;s material. The results are for everyone rich in colors, textures, process and experiences!<\/p>\n<p><a href=\"http:\/\/www.mcturgeon.com\/blog\">Blog<\/a> : Online since march 2002, my blog is a multilingual blog &#038; podcast about life, arts, technology and pop culture. It&#8217;s also a sketchbook, a personal collage of pictures, daily thoughts, ideas and observations &#8211; an audio and video magazine growing online through my travels and projects.<\/p>\n<p><a href=\"http:\/\/mcturgeon.com\/blog\/shop\/\">Guerilla Inspiration Postcards<\/a> : A project inspired by the need to wake people up using guerilla street art, each of the postcards hold uplifting slogans to challenge and infuse a whole neighborhood. They can be used as guerilla art messages to be pinned on boards, left on car windows, in public spaces, sent by post, used as reminder, given framed as gifts, and so on. Sets of cards can be seen\/bought on my <a href=\"http:\/\/www.mcturgeon.com\/shop\">shop<\/a>.<\/ul>\n<p><b>Exhibits<\/b><\/p>\n<ul>\n<li>Atelier Thandenstrasse, Hamburg, Germany<\/li>\n<\/ul>\n<\/ul>\n<hr>\n<table border=\"0\" width=\"920\" cellspacing=\"5\" align=\"left\">\n<tr>\n<td width=\"500\" align=\"left\" valign=\"top\">\n<h3>Voir<\/h3>\n<p><a href=\"http:\/\/www.flickr.com\/photos\/m-c\/54190631\/sizes\/o\/in\/set-153848\/\" title=\"Voir - Press de m-c, sur Flickr\"><img decoding=\"async\" src=\"http:\/\/farm1.static.flickr.com\/25\/54190631_e13f146209.jpg\" width=\"401\"  alt=\"Voir - Press\" \/><\/a><\/p>\n<h3>Spin Magazin<\/h3>\n<p><a href=\"http:\/\/www.flickr.com\/photos\/m-c\/54190642\/sizes\/o\/in\/set-153848\/\" title=\"Spin Magazine - Press de m-c, sur Flickr\"><img decoding=\"async\" src=\"http:\/\/farm1.static.flickr.com\/32\/54190642_236e39127e.jpg\" width=\"400\" alt=\"Spin Magazine - Press\" \/><\/a><\/p>\n<h3>The Gazette<\/h3>\n<p><a href=\"http:\/\/www.flickr.com\/photos\/m-c\/54190649\/sizes\/o\/in\/set-153848\/\" title=\"The Gazette - Press de m-c, sur Flickr\"><img decoding=\"async\" src=\"http:\/\/farm1.static.flickr.com\/29\/54190649_2dceb4619c.jpg\" width=\"400\" alt=\"The Gazette - Press\" \/><\/a><\/p>\n<h3>Elle Canada<\/h3>\n<p><a href=\"http:\/\/www.flickr.com\/photos\/m-c\/53889888\/sizes\/o\/in\/set-153848\/\" title=\"Elle Canada Music section - Pod stars de m-c, sur Flickr\"><img decoding=\"async\" src=\"http:\/\/farm1.static.flickr.com\/29\/53889888_60655ddae1.jpg\" width=\"335\" alt=\"Elle Canada Music section - Pod stars\" \/><\/a><\/p>\n<h3>Ish Magazine (Asia)<\/h3>\n<p><a href=\"http:\/\/www.flickr.com\/photos\/m-c\/3495006358\/\" title=\"Ish Interview p1 de m-c, sur Flickr\"><img decoding=\"async\" src=\"http:\/\/farm4.static.flickr.com\/3326\/3495006358_c8f96cb3af_b.jpg\" width=\"400\"  alt=\"Ish Interview p1\" \/><\/a><br \/>\n<a href=\"http:\/\/www.flickr.com\/photos\/m-c\/3495006458\/\" title=\"Ish Interview p2 de m-c, sur Flickr\"><img decoding=\"async\" src=\"http:\/\/farm4.static.flickr.com\/3593\/3495006458_be6caf7bb4_m.jpg\" width=\"200\"  alt=\"Ish Interview p2\" \/><\/a><a href=\"http:\/\/www.flickr.com\/photos\/m-c\/3494190111\/\" title=\"Ish Interview p3 de m-c, sur Flickr\"><img decoding=\"async\" src=\"http:\/\/farm4.static.flickr.com\/3542\/3494190111_33464ea2fa_m.jpg\" width=\"200\" alt=\"Ish Interview p3\" \/><\/a><br \/>\n<a href=\"http:\/\/www.flickr.com\/photos\/m-c\/3494190209\/\" title=\"Ish Interview p4 de m-c, sur Flickr\"><img decoding=\"async\" src=\"http:\/\/farm4.static.flickr.com\/3405\/3494190209_84120ac4c5_m.jpg\" width=\"200\" alt=\"Ish Interview p4\" \/><\/a><a href=\"http:\/\/www.flickr.com\/photos\/m-c\/3494190315\/\" title=\"Ish Interview de m-c, sur Flickr\"><img decoding=\"async\" src=\"http:\/\/farm4.static.flickr.com\/3543\/3494190315_e8319e47da_m.jpg\" width=\"200\" alt=\"Ish Interview\" \/><\/a><br \/>\nRead it: <a href=\"http:\/\/farm4.static.flickr.com\/3326\/3495006358_bfaab6e0ea_o.jpg\">page 1<\/a>, <a href=\"http:\/\/farm4.static.flickr.com\/3593\/3495006458_03086d8cb9_o.jpg\">page 2<\/a>, <a href=\"http:\/\/farm4.static.flickr.com\/3542\/3494190111_1480c36c39_o.jpg\">page 3<\/a>, <a href=\"http:\/\/farm4.static.flickr.com\/3405\/3494190209_e00c2e92d1_o.jpg\">page 4<\/a>.<\/p>\n<h3>Montreal Metro<\/h3>\n<p><a href=\"http:\/\/www.flickr.com\/photos\/m-c\/3404793878\/\" title=\"Journal Metro de m-c, sur Flickr\"><img decoding=\"async\" src=\"http:\/\/farm4.static.flickr.com\/3443\/3404793878_7ba15b7b8a.jpg\" width=\"400\" alt=\"Journal Metro\" \/><\/a><\/p>\n<h3>Huffington Post<\/h3>\n<p><a href=\"http:\/\/www.flickr.com\/photos\/m-c\/3698595744\/\" title=\"Huffingtonpost de m-c, sur Flickr\"><img decoding=\"async\" loading=\"lazy\" src=\"http:\/\/farm3.static.flickr.com\/2646\/3698595744_69c251534e_o.jpg\" width=\"400\" height=\"965\" alt=\"Huffingtonpost\" \/><\/a><\/p>\n<h3>Styles de vie (La Presse)<\/h3>\n<p><a href=\"http:\/\/www.flickr.com\/photos\/m-c\/3403982403\/\" title=\"La presse, Styles de vie de m-c, sur Flickr\"><img decoding=\"async\" src=\"http:\/\/farm4.static.flickr.com\/3571\/3403982403_33fbf768c1.jpg\" width=\"400\"  alt=\"La presse, Styles de vie\" \/><\/a><\/p>\n<h3>Strut Magazin<\/h3>\n<p><a href=\"http:\/\/www.flickr.com\/photos\/m-c\/3403982311\/\" title=\"Strut magazin de m-c, sur Flickr\"><img decoding=\"async\" src=\"http:\/\/farm4.static.flickr.com\/3446\/3403982311_b667a9f4d9.jpg\" width=\"228\"  alt=\"Strut magazin\" \/><\/a><\/p>\n<h3>Journal Le Soleil<\/h3>\n<p><a href=\"http:\/\/www.flickr.com\/photos\/m-c\/3403982201\/\" title=\"Journal Le Soleil de m-c, sur Flickr\"><img decoding=\"async\" loading=\"lazy\" src=\"http:\/\/farm4.static.flickr.com\/3451\/3403982201_3d244575d0.jpg\" width=\"391\" height=\"500\" alt=\"Journal Le Soleil\" \/><\/a><\/p>\n<h3>Sketchbook Magazin<\/h3>\n<p><a href=\"http:\/\/www.flickr.com\/photos\/m-c\/3403982031\/\" title=\"Sketchbook Magazin de m-c, sur Flickr\"><img decoding=\"async\" src=\"http:\/\/farm4.static.flickr.com\/3557\/3403982031_77bfc502a6.jpg\" width=\"400\"  alt=\"Sketchbook Magazin\" \/><\/a><\/p>\n<h3>Infopresse<\/h3>\n<p><a href=\"http:\/\/www.flickr.com\/photos\/m-c\/3403984107\/\" title=\"Infopresse de m-c, sur Flickr\"><img decoding=\"async\" src=\"http:\/\/farm4.static.flickr.com\/3455\/3403984107_1e40e6a7e4_o.png\" width=\"400\"  alt=\"Infopresse\" \/><\/a><\/p>\n<h3>Le Point, Radio-Canada<\/h3>\n<p>Reportage t\u00e9l\u00e9<br \/>\n<a href=\"http:\/\/www.radio-canada.ca\/util\/zapmedia\/version10\/frame.asp?menuFlash=5&#038;directLink=\/Medianet\/CBFT\/Telejournal200603172200_2.asx&#038;promo=ZAPmedia_Telejournal\" target=\"_blank\"><img decoding=\"async\" src=\"http:\/\/www.meidia.ca\/gx\/lepoint.jpg\" width=\"400\"><\/a><\/p>\n<h3>Entrevue chez Yulbuzz<\/h3>\n<p>(06.2007, french)<\/p>\n<div><object width=\"400\" height=\"301\"><param name=\"movie\" value=\"http:\/\/www.dailymotion.com\/swf\/k4UKF11uiMyJlQ1l8x&#038;related=1\"><\/param><param name=\"allowFullScreen\" value=\"true\"><\/param><param name=\"allowScriptAccess\" value=\"always\"><\/param><embed src=\"http:\/\/www.dailymotion.com\/swf\/k4UKF11uiMyJlQ1l8x&#038;related=1\" type=\"application\/x-shockwave-flash\" width=\"400\" height=\"301\" allowFullScreen=\"true\" allowScriptAccess=\"always\"><\/embed><\/object><\/div>\n<h3>Esprit Libre, Canal Vox<\/h3>\n<p>Reportage t\u00e9l\u00e9<br \/>\n<a href=\"http:\/\/video.canoe.ca\/?fr_story=132ec2559ce52487bf69068fdb1c976e2908df78&#038;rf=sitemap\" target=\"_blank\"><img decoding=\"async\" src=\"http:\/\/www.meidia.ca\/gx\/espritlibre.jpg\" width=\"400\"><\/a><\/p>\n<h3>Panels pictures<\/h3>\n<p><a href=\"http:\/\/www.flickr.com\/photos\/m-c\/533645462\/\" title=\"IETM Montr\u00e9al de m-c, sur Flickr\"><img decoding=\"async\" src=\"http:\/\/farm2.static.flickr.com\/1357\/533645462_7a07b63568.jpg\" width=\"400\"  alt=\"IETM Montr\u00e9al\" \/><\/a><br \/>\n<a href=\"http:\/\/www.flickr.com\/photos\/m-c\/267276623\/\" title=\"Le Web de demain : un espace de communication, un outil de cr\u00e9ation de m-c, sur Flickr\"><img decoding=\"async\" src=\"http:\/\/farm1.static.flickr.com\/120\/267276623_a414f13f7e.jpg\" width=\"400\" alt=\"Le Web de demain : un espace de communication, un outil de cr\u00e9ation\" \/><\/a><\/p>\n<\/td>\n<td width=\"50\" align=\"left\" valign=\"top\"><\/td>\n<td width=\"400\" align=\"left\" valign=\"top\">\n<h3>Journal Les Affaires<\/h3>\n<p><a href=\"http:\/\/www.flickr.com\/photos\/m-c\/3404792888\/\" title=\"Journal Les Affaires de m-c, sur Flickr\"><img decoding=\"async\" src=\"http:\/\/farm4.static.flickr.com\/3467\/3404792888_a9463c7599.jpg\" width=\"400\"  alt=\"Journal Les Affaires\" \/><\/a><\/p>\n<h3>Urbania<\/h3>\n<p><a href=\"http:\/\/www.flickr.com\/photos\/m-c\/55815182\/\" title=\"Press: Urbania by m-c, on Flickr\"><img decoding=\"async\" loading=\"lazy\" src=\"http:\/\/farm1.static.flickr.com\/32\/55815182_c4e77ef9dd.jpg\" width=\"359\" height=\"500\" alt=\"Press: Urbania\" \/><\/a><\/p>\n<h3>Actuelit\u00e9s (La Presse)<\/h3>\n<p><a href=\"http:\/\/www.flickr.com\/photos\/m-c\/3403980595\/\" title=\"Actuelit\u00e9s de m-c, sur Flickr\"><img decoding=\"async\" src=\"http:\/\/farm4.static.flickr.com\/3435\/3403980595_85975fbd95_o.gif\" width=\"400\" alt=\"Actuelit\u00e9s\" \/><\/a><\/p>\n<h3>Montreal Mirror<\/h3>\n<p><a href=\"http:\/\/www.flickr.com\/photos\/m-c\/3404792986\/\" title=\"The Mirror de m-c, sur Flickr\"><img decoding=\"async\" src=\"http:\/\/farm4.static.flickr.com\/3445\/3404792986_29eaf41f60.jpg\" width=\"400\"  alt=\"The Mirror\" \/><\/a><\/p>\n<h3>CBC radio3<\/h3>\n<p><a href=\"http:\/\/www.flickr.com\/photos\/m-c\/3405005019\/\" title=\"CBC Radio3 de m-c, sur Flickr\"><img decoding=\"async\" loading=\"lazy\" src=\"http:\/\/farm4.static.flickr.com\/3659\/3405005019_ed2ea24b20.jpg\" width=\"400\" height=\"371\" alt=\"CBC Radio3\" \/><\/a><\/p>\n<h3>National Post<\/h3>\n<p><a href=\"http:\/\/www.flickr.com\/photos\/m-c\/3404793294\/\" title=\"The National Post de m-c, sur Flickr\"><img decoding=\"async\" loading=\"lazy\" src=\"http:\/\/farm4.static.flickr.com\/3601\/3404793294_b5421f841b.jpg\" width=\"332\" height=\"500\" alt=\"The National Post\" \/><\/a><\/p>\n<h3>La Presse<\/h3>\n<p><a href=\"http:\/\/www.flickr.com\/photos\/m-c\/3403981577\/\" title=\"La presse de m-c, sur Flickr\"><img decoding=\"async\" src=\"http:\/\/farm4.static.flickr.com\/3591\/3403981577_bdbf6a7ffa.jpg\" width=\"400\" alt=\"La presse\" \/><\/a><\/p>\n<h3>La Presse<\/h3>\n<p><a href=\"http:\/\/www.flickr.com\/photos\/m-c\/3404792396\/\" title=\"La presse Affaires de m-c, sur Flickr\"><img decoding=\"async\" src=\"http:\/\/farm4.static.flickr.com\/3171\/3404792396_5ddfd8506a.jpg\" width=\"400\"  alt=\"La presse Affaires\" \/><\/a><\/p>\n<h3>The Gazette<\/h3>\n<p><a href=\"http:\/\/www.flickr.com\/photos\/m-c\/3404791988\/\" title=\"The Gazette de m-c, sur Flickr\"><img decoding=\"async\" loading=\"lazy\" src=\"http:\/\/farm4.static.flickr.com\/3638\/3404791988_5753b1e1e9.jpg\" width=\"400\" height=\"262\" alt=\"The Gazette\" \/><\/a><\/p>\n<h3>Clin d&#8217;oeil<\/h3>\n<p><a href=\"http:\/\/www.flickr.com\/photos\/m-c\/3404791900\/\" title=\"Clin d'oeil de m-c, sur Flickr\"><img decoding=\"async\" loading=\"lazy\" src=\"http:\/\/farm4.static.flickr.com\/3651\/3404791900_3350225ba8.jpg\" width=\"267\" height=\"400\" alt=\"Clin d'oeil\" \/><\/a><\/p>\n<h3>AMPQ<\/h3>\n<p><a href=\"http:\/\/www.flickr.com\/photos\/m-c\/3404791824\/\" title=\"AMPQ de m-c, sur Flickr\"><img decoding=\"async\" loading=\"lazy\" src=\"http:\/\/farm4.static.flickr.com\/3641\/3404791824_257926c80c_b.jpg\" width=\"379\" height=\"1024\" alt=\"AMPQ\" \/><\/a><\/p>\n<h3>Le Devoir, Jos\u00e9e Blanchette<\/h3>\n<blockquote><p>&#8220;T\u00e9l\u00e9charg\u00e9: des podcasts du blogue \u00abVu d&#8217;ici\u00bb (mcturgeon.com\/blog) sur mon iPod nano. 64 podcasts musicaux \u00e0 votre disposition concoct\u00e9s par cette artiste montr\u00e9alaise tr\u00e8s branch\u00e9e musicalement. M.-C. revenait du FIMAV (de Victo) cette semaine et nous raconte tout en plus de nous le faire entendre. Les dons sont accept\u00e9s, mais en attendant, c&#8217;est la passion partag\u00e9e gratuitement. D\u00e9couvert: Antony and the Johnsons (I Am A Bird Now). Une voix androgyne \u00e0 la Klaus Nomi (d\u00e9couverte par David Bowie), des textes poignants; on peut \u00e9couter son dernier disque sur le site www.antonyandthejohnsons.com. De l&#8217;authentique musique adulescente. &#8220;<\/p><\/blockquote>\n<h3>Interview at CBC Sounds like Canada<\/h3>\n<p><a href=\"http:\/\/mcturgeon.com\/podcast\/vudici_cbc.mp3\">Audio, click here to listen (available as mp3 format)<\/a><\/p>\n<h3>Lien Multim\u00e9dia<\/h3>\n<p><a href=\"http:\/\/www.flickr.com\/photos\/m-c\/3405792716\/\" title=\"Lien Multim\u00e9dia de m-c, sur Flickr\"><img decoding=\"async\" loading=\"lazy\" src=\"http:\/\/farm4.static.flickr.com\/3610\/3405792716_ba950a6414.jpg\" width=\"357\" height=\"500\" alt=\"Lien Multim\u00e9dia\" \/><\/a><\/p>\n<h3>Co-auteure de Pourquoi Bloguer<br \/>Co-authoring of Why Blogging<\/h3>\n<p><a href=\"http:\/\/mcturgeon.com\/blog\/wp-content\/uploads\/2009\/03\/pourquoibloguer.png\"><img decoding=\"async\" loading=\"lazy\" width=\"215\" height=\"320\" src=\"http:\/\/mcturgeon.com\/blog\/wp-content\/uploads\/2009\/03\/pourquoibloguer.png\" alt=\"\" title=\"pourquoibloguer\" class=\"alignnone size-full wp-image-3598\" \/><\/a><\/p>\n<h3>Macadam Tribu<\/h3>\n<p><a href=\"http:\/\/www.flickr.com\/photos\/m-c\/3405891750\/\" title=\"Macadam Tribu de m-c, sur Flickr\"><img decoding=\"async\" loading=\"lazy\" src=\"http:\/\/farm4.static.flickr.com\/3578\/3405891750_bb6050ea32.jpg\" width=\"310\" height=\"500\" alt=\"Macadam Tribu\" \/><\/a><\/p>\n<h3>La Presse<\/h3>\n<p><a href=\"http:\/\/www.flickr.com\/photos\/m-c\/3405891684\/\" title=\"La Presse de m-c, sur Flickr\"><img decoding=\"async\" src=\"http:\/\/farm4.static.flickr.com\/3608\/3405891684_f8f1d1a593_b.jpg\" width=\"400\" alt=\"La Presse\" \/><\/a><\/p>\n<h3>Journal ICI<\/h3>\n<p><a href=\"http:\/\/www.flickr.com\/photos\/m-c\/2551907834\/\" title=\"Creacamp dans le ICI de m-c, sur Flickr\"><img decoding=\"async\" src=\"http:\/\/farm4.static.flickr.com\/3189\/2551907834_c82242a785.jpg\" width=\"400\" alt=\"Creacamp dans le ICI\" \/><\/a><\/p>\n<\/td>\n<\/tr>\n<\/table>\n","protected":false},"excerpt":{"rendered":"<p>Recognitions Listed as one of the 10 most influencials bloggers in Qu\u00e9bec &#8211; List\u00e9e parmis les blogueurs les plus influents au Qu\u00e9bec, Radio-Canada, Feb. 2009 Listed as one of Canada\u2019s Most Influential Women in Social Media &#8211; List\u00e9e parmis les femmes les plus influentes en m\u00e9dias sociaux au Canda, Dec. 2008 Project honored by the&hellip; <a class=\"more-link\" href=\"https:\/\/mcturgeon.com\/blog\/press-presse\/\">Continue reading <span class=\"screen-reader-text\">Presse<\/span><\/a><\/p>\n","protected":false},"author":1,"featured_media":0,"parent":0,"menu_order":0,"comment_status":"open","ping_status":"closed","template":"page-full.php","meta":{"footnotes":""},"_links":{"self":[{"href":"https:\/\/mcturgeon.com\/blog\/wp-json\/wp\/v2\/pages\/2437"}],"collection":[{"href":"https:\/\/mcturgeon.com\/blog\/wp-json\/wp\/v2\/pages"}],"about":[{"href":"https:\/\/mcturgeon.com\/blog\/wp-json\/wp\/v2\/types\/page"}],"author":[{"embeddable":true,"href":"https:\/\/mcturgeon.com\/blog\/wp-json\/wp\/v2\/users\/1"}],"replies":[{"embeddable":true,"href":"https:\/\/mcturgeon.com\/blog\/wp-json\/wp\/v2\/comments?post=2437"}],"version-history":[{"count":67,"href":"https:\/\/mcturgeon.com\/blog\/wp-json\/wp\/v2\/pages\/2437\/revisions"}],"predecessor-version":[{"id":6985,"href":"https:\/\/mcturgeon.com\/blog\/wp-json\/wp\/v2\/pages\/2437\/revisions\/6985"}],"wp:attachment":[{"href":"https:\/\/mcturgeon.com\/blog\/wp-json\/wp\/v2\/media?parent=2437"}],"curies":[{"name":"wp","href":"https:\/\/api.w.org\/{rel}","templated":true}]}}